hat are the prime factors of 435294562?
2, 217647281
List the prime factors of 3381519156.
2, 3, 23, 59, 281, 739
List the prime factors of 444521486.
2, 71, 1231, 2543
List the prime factors of 116830748.
2, 397, 73571
What are the prime factors of 575481975?
3, 5, 19, 431, 937
What are the prime factors of 6055749?
3, 7, 179
List the prime factors of 47000161.
13, 43, 83, 1013
List the prime factors of 4757693884.
2, 1189423471
What are the prime factors of 165036653?
31, 5323763
List the prime factors of 1820741978.
2, 11, 82760999
What are the prime factors of 1276662139?
1276662139
What are the prime factors of 16727110?
2, 5, 431, 3881
List the prime factors of 199304424.
2, 3, 11, 22877
What are the prime factors of 801484562?
2, 19, 3739, 5641
List the prime factors of 1805905138.
2, 17, 269, 197453
List the prime factors of 51120910.
2, 5, 29, 409, 431
List the prime factors of 57463176.
2, 3, 2394299
List the prime factors of 51509245.
5, 10301849
List the prime factors of 85093841.
7, 61, 83
What are the prime factors of 912922702?
2, 149, 3063499
List the prime factors of 14201494.
2, 17, 417691
What are the prime factors of 14827035?
3, 5, 41, 24109
What are the prime factors of 121901572?
2, 13, 2344261
List the prime factors of 45889549.
45889549
List the prime factors of 4757636242.
2, 2521, 943601
What are the prime factors of 175151532?
2, 3, 23, 29, 79, 277
List the prime factors of 1943654988.
2, 3, 11, 31, 349, 1361
What are the prime factors of 2089400286?
2, 3, 37, 9411713
What are the prime factors of 30329404?
2, 7, 1083193
What are the prime factors of 645265724?
2, 181, 891251
What are the prime factors of 592421935?
5, 7, 31, 61, 8951
What are the prime factors of 3720092?
2, 167, 5569
What are the prime factors of 353495179?
15881, 22259
List the prime factors of 1567627001.
17, 379, 467, 521
What are the prime factors of 48607391?
7, 6943913
What are the prime factors of 304847361?
3, 7, 13, 53, 2341
List the prime factors of 73809529.
17, 1231, 3527
What are the prime factors of 35432196?
2, 3, 53, 55711
What are the prime factors of 34112878?
2, 17056439
List the prime factors of 1585001402.
2, 127, 6240163
What are the prime factors of 1732293775?
5, 89, 778559
What are the prime factors of 201041557?
881, 228197
What are the prime factors of 212942692?
2, 53235673
What are the prime factors of 87444212?
2, 21861053
List the prime factors of 10266511.
10266511
List the prime factors of 2796732010.
2, 5, 2593, 107857
List the prime factors of 2299573240.
2, 5, 57489331
What are the prime factors of 3394005714?
2, 3, 11, 1558313
What are the prime factors of 175324402?
2, 11, 724481
List the prime factors of 575382896.
2, 11, 317, 10313
List the prime factors of 153834701.
153834701
What are the prime factors of 21796740?
2, 3, 5, 7, 17299
List the prime factors of 58738366.
2, 17, 23, 31, 2423
What are the prime factors of 2525546779?
7, 409, 126019
List the prime factors of 207310838.
2, 7, 14807917
What are the prime factors of 17352479?
17352479
List the prime factors of 28757390.
2, 5, 2875739
What are the prime factors of 4308882661?
4308882661
List the prime factors of 107929015.
5, 41, 526483
List the prime factors of 117187928.
2, 11, 13, 102437
What are the prime factors of 2675578?
2, 41, 67, 487
What are the prime factors of 27485431?
27485431
What are the prime factors of 1080879121?
7, 154411303
What are the prime factors of 19876203?
3, 2208467
List the prime factors of 2334624083.
11, 53, 83, 48247
What are the prime factors of 99051419?
47, 331, 6367
List the prime factors of 88217333.
29, 3041977
List the prime factors of 719032604.
2, 179758151
List the prime factors of 97444714.
2, 17, 521, 5501
What are the prime factors of 3537029314?
2, 7, 13, 223, 87149
List the prime factors of 378117569.
18839, 20071
What are the prime factors of 14527260?
2, 3, 5, 11, 23, 29
List the prime factors of 219821037.
3, 67, 1093637
List the prime factors of 88223899.
88223899
List the prime factors of 60809743.
60809743
List the prime factors of 73355371.
19, 79, 48871
List the prime factors of 3646966811.
3646966811
List the prime factors of 1690580181.
3, 17, 257, 128983
What are the prime factors of 59892275?
5, 17, 19, 7417
What are the prime factors of 2977697535?
3, 5, 829, 239461
What are the prime factors of 989377058?
2, 193, 2563153
List the prime factors of 135155474.
2, 17, 19, 31, 397
List the prime factors of 304305451.
647, 470333
What are the prime factors of 108232330?
2, 5, 10823233
What are the prime factors of 35639359?
7, 317, 16061
What are the prime factors of 63557813?
11, 5777983
List the prime factors of 34556771.
239, 144589
What are the prime factors of 550239743?
7523, 73141
List the prime factors of 449854747.
41, 167, 65701
List the prime factors of 1888631.
541, 3491
What are the prime factors of 538579172?
2, 103, 199, 6569
List the prime factors of 40734686.
2, 17, 107, 11197
What are the prime factors of 122542521?
3, 71, 575317
What are the prime factors of 209625364?
2, 13, 1487, 2711
What are the prime factors of 680464286?
2, 151, 2253193
List the prime factors of 87616607.
13, 2341, 2879
What are the prime factors of 367285246?
2, 8429, 21787
What are the prime factors of 30619603?
7, 67, 65287
What are the prime factors of 106469418?
2, 3, 11, 1613173
List the prime factors of 509145451.
19, 619, 43291
What are the prime factors of 3730956866?
2, 7, 13, 479, 42797
What are the prime factors of 1914358321?
17, 112609313
What are the prime factors of 446388583?
191, 487, 4799
What are the prime factors of 794161721?
794161721
List the prime factors of 647187934.
2, 103, 3141689
List the prime factors of 56125954.
2, 28062977
What are the prime factors of 53912855?
5, 173, 62327
List the prime factors of 733929658.
2, 7, 11, 67, 83, 857
What are the prime factors of 102376545?
3, 5, 199, 34297
What are the prime factors of 55257619?
1163, 47513
What are the prime factors of 21020463?
3, 2335607
What are the prime factors of 1617513421?
1617513421
What are the prime factors of 53462508?
2, 3, 11, 593, 683
What are the prime factors of 3907062091?
29, 31, 4346009
What are the prime factors of 46002005?
5, 7, 59, 22277
What are the prime factors of 657582703?
43, 3331, 4591
List the prime factors of 121269595.
5, 41, 591559
What are the prime factors of 17091007?
17091007
What are the prime factors of 117917411?
73, 1615307
What are the prime factors of 539630258?
2, 269815129
What are the prime factors of 1215072136?
2, 151884017
List the prime factors of 2211660264.
2, 3, 11, 761591
List the prime factors of 8538668.
2, 271, 7877
List the prime factors of 172002000.
2, 3, 5, 109, 263
What are the prime factors of 175820074?
2, 8431, 10427
What are the prime factors of 952545869?
11, 71, 1219649
What are the prime factors of 139114790?
2, 5, 151, 181, 509
List the prime factors of 9569440.
2, 5, 59809
What are the prime factors of 37648290?
2, 3, 5, 73, 17191
What are the prime factors of 212622949?
7, 11, 151, 18287
List the prime factors of 416286524.
2, 104071631
What are the prime factors of 3247650563?
19, 881, 194017
List the prime factors of 750489925.
5, 30019597
What are the prime factors of 27246483?
3, 11, 199, 461
What are the prime factors of 1120968591?
3, 43, 2273, 3823
What are the prime factors of 88695426?
2, 3, 17, 869563
What are the prime factors of 558974978?
2, 279487489
What are the prime factors of 812814651?
3, 11, 8210249
What are the prime factors of 800773308?
2, 3, 719, 30937
What are the prime factors of 77941467?
3, 307, 9403
List the prime factors of 1628522630.
2, 5, 7, 523, 44483
List the prime factors of 3223967709.
3, 19, 163, 353, 983
List the prime factors of 1970129498.
2, 569, 1731221
List the prime factors of 2474114666.
2, 983, 1258451
What are the prime factors of 352271139?
3, 11, 41, 260363
What are the prime factors of 721180?
2, 5, 107, 337
List the prime factors of 421731282.
2, 3, 7, 29, 47, 53, 139
What are the prime factors of 1599519801?
3, 11, 1303, 37199
What are the prime factors of 2905317330?
2, 3, 5, 37, 2617403
What are the prime factors of 1751393567?
7, 11, 17, 121633
What are the prime factors of 743139216?